 1577492293.
13, 121345561
List the prime factors of 2079841056.
2, 3, 23, 71, 13267
List the prime factors of 903730789.
13, 23, 59, 51229
List the prime factors of 80815119.
3, 7, 11, 349849
List the prime factors of 2161558368.
2, 3, 101, 74311
What are the prime factors of 1335769322?
2, 17, 59, 257, 2591
What are the prime factors of 3252950897?
7, 401, 165553
What are the prime factors of 1962158031?
3, 277, 787067
List the prime factors of 826745603.
23, 31, 1159531
What are the prime factors of 776142850?
2, 5, 7, 316793
List the prime factors of 608538905.
5, 13, 9362137
List the prime factors of 1241585456.
2, 77599091
List the prime factors of 496691174.
2, 7, 35477941
List the prime factors of 235018715.
5, 23, 109, 18749
What are the prime factors of 105943774?
2, 881, 60127
What are the prime factors of 100216150?
2, 5, 263, 7621
What are the prime factors of 73406572?
2, 18351643
What are the prime factors of 347691598?
2, 23, 31, 10601
List the prime factors of 336655545.
3, 5, 3463, 6481
List the prime factors of 63388887.
3, 197, 283, 379
What are the prime factors of 461060493?
3, 463, 331937
What are the prime factors of 157049846?
2, 43, 1826161
What are the prime factors of 965154150?
2, 3, 5, 547, 1307
List the prime factors of 52539349.
52539349
What are the prime factors of 2340455597?
23, 101758939
What are the prime factors of 759226572?
2, 3, 13, 71, 73, 313
List the prime factors of 795257417.
795257417
What are the prime factors of 400021480?
2, 5, 10000537
What are the prime factors of 144382253?
67, 269, 8011
What are the prime factors of 243360225?
3, 5, 617, 1753
List the prime factors of 2107657947.
3, 702552649
List the prime factors of 57605267.
57605267
What are the prime factors of 70278082?
2, 7, 43, 116741
List the prime factors of 11339114.
2, 397, 14281
List the prime factors of 2823683789.
2823683789
What are the prime factors of 55390155?
3, 5, 107, 34511
What are the prime factors of 30635305?
5, 47, 130363
What are the prime factors of 117873178?
2, 58936589
List the prime factors of 59666961.
3, 4229, 4703
What are the prime factors of 31441811?
83, 378817
What are the prime factors of 1922246814?
2, 3, 17, 601, 31357
List the prime factors of 449034963.
3, 13, 1549, 7433
What are the prime factors of 1586160439?
33329, 47591
List the prime factors of 2687158002.
2, 3, 447859667
What are the prime factors of 275112497?
11, 1231, 1847
List the prime factors of 214481036.
2, 7, 11, 53, 1877
List the prime factors of 397994495.
5, 79, 643, 1567
What are the prime factors of 958876899?
3, 14867, 21499
List the prime factors of 68867509.
68867509
What are the prime factors of 181895907?
3, 60631969
List the prime factors of 70027654.
2, 19, 79, 23327
What are the prime factors of 413363695?
5, 53, 1049, 1487
List the prime factors of 1580862.
2, 3, 37, 7121
What are the prime factors of 95993655?
3, 5, 6399577
List the prime factors of 80030163.
3, 26676721
List the prime factors of 292647723.
3, 43, 2268587
List the prime factors of 62133993.
3, 2301259
What are the prime factors of 91418429?
4937, 18517
List the prime factors of 2793470507.
41, 107, 636761
What are the prime factors of 1312562911?
11, 17, 59, 118967
What are the prime factors of 179816959?
7, 61, 373, 1129
What are the prime factors of 765913322?
2, 113, 3388997
What are the prime factors of 39968561?
39968561
List the prime factors of 93021864.
2, 3, 13, 397, 751
What are the prime factors of 1048412995?
5, 7, 2309, 12973
List the prime factors of 57752008.
2, 31, 232871
List the prime factors of 66002909.
7, 131, 167, 431
List the prime factors of 5120881.
23, 222647
What are the prime factors of 1845787622?
2, 7, 131841973
What are the prime factors of 1561108480?
2, 5, 38113
List the prime factors of 437457674.
2, 3989, 54833
What are the prime factors of 5554273556?
2, 13, 991, 8291
What are the prime factors of 557112351?
3, 83, 2237399
What are the prime factors of 35400621?
3, 691, 17077
What are the prime factors of 117776933?
107, 467, 2357
List the prime factors of 361501862.
2, 180750931
List the prime factors of 1462013095.
5, 461, 634279
List the prime factors of 6353659541.
23, 3061, 90247
List the prime factors of 36844138.
2, 2423, 7603
List the prime factors of 1488840840.
2, 3, 5, 73, 181, 313
What are the prime factors of 1063461705?
3, 5, 70897447
List the prime factors of 49321655.
5, 9864331
List the prime factors of 30870454.
2, 15435227
List the prime factors of 1371279647.
19, 72172613
List the prime factors of 1380195007.
157, 8791051
List the prime factors of 5661188.
2, 13, 108869
List the prime factors of 754498553.
31, 24338663
What are the prime factors of 2422768001?
2422768001
What are the prime factors of 1678864912?
2, 8863, 11839
List the prime factors of 26730888.
2, 3, 1113787
What are the prime factors of 4811678560?
2, 5, 13, 19, 109, 1117
List the prime factors of 183297566.
2, 91648783
List the prime factors of 4143274159.
19, 43, 113, 44879
What are the prime factors of 57384914?
2, 28692457
List the prime factors of 8807697.
3, 19, 59, 97
List the prime factors of 7589485.
5, 131, 11587
List the prime factors of 1644069516.
2, 3, 101, 173, 7841
What are the prime factors of 1053777912?
2, 3, 11, 17, 234799
List the prime factors of 2551582702.
2, 181, 7048571
List the prime factors of 293521363.
5197, 56479
List the prime factors of 722800004.
2, 180700001
List the prime factors of 1019370.
2, 3, 5, 11, 3089
What are the prime factors of 298153802?
2, 1787, 83423
List the prime factors of 732824921.
271, 661, 4091
List the prime factors of 1067270179.
1067270179
List the prime factors of 242788663.
13, 163, 114577
What are the prime factors of 168045475?
5, 13, 23, 22481
What are the prime factors of 440477079?
3, 7, 43, 487793
List the prime factors of 77918757.
3, 7, 3710417
What are the prime factors of 2018053711?
29, 47, 1480597
What are the prime factors of 7240017285?
3, 5, 43, 3741611
What are the prime factors of 193069894?
2, 96534947
List the prime factors of 1681803541.
11, 89, 1033, 1663
What are the prime factors of 2916940182?
2, 3, 13, 1399, 26731
List the prime factors of 188665021.
23, 131, 62617
What are the prime factors of 128268422?
2, 6553, 9787
List the prime factors of 154530907.
37, 1831, 2281
What are the prime factors of 213435501?
3, 3499, 20333
What are the prime factors of 408436290?
2, 3, 5, 29, 52163
List the prime factors of 1994813096.
2, 14731, 16927
List the prime factors of 1305015968.
2, 137, 179, 1663
What are the prime factors of 134906030?
2, 5, 7, 109, 17681
List the prime factors of 6794639.
6794639
What are the prime factors of 185104895?
5, 37, 43, 23269
List the prime factors of 295727828.
2, 11, 37, 373, 487
What are the prime factors of 1625493045?
3, 5, 11, 233, 42281
List the prime factors of 602888159.
602888159
What are the prime factors of 194798251?
1049, 185699
What are the prime factors of 4193841491?
7, 2539, 235967
List the prime factors of 451204050.
2, 3, 5, 11, 273457
What are the prime factors of 281296685?
5, 56259337
List the prime factors of 200787232.
2, 6274601
List the prime factors of 109820044.
2, 2971, 9241
What are the prime factors of 7344022007?
7, 191, 349, 15739
List the prime factors of 2316916189.
7, 137, 283, 8537
What are the prime factors of 109433723?
7, 79, 197891
What are the prime factors of 617659934?
2, 31, 1297, 7681
List the prime factors of 3170635364.
2, 13, 607, 7727
What are the prime factors of 2236471878?
2, 3, 372745313
List the prime factors of 53827837.
7, 2179, 3529
List the prime factors of 2209588864.
2, 7, 1423, 1733
What are the prime factors of 68494781?
29, 613, 3853
List the prime factors of 670930715.
5, 7, 13, 509, 2897
What are the prime factors of 229590111?
3, 599, 127763
What are the prime factors of 46382871?
3, 1409, 10973
What are the prime factors of 112729552?
2, 13, 373, 1453
What are the prime factors of 674332318?
2, 11, 3779, 8111
List the prime factors of 402123140.
2, 5, 20106157
What are the prime factors of 30965119?
293, 105683
List the prime factors of 1192491920.
2, 5, 14906149
List the prime factors of 195011043.
3, 23, 1187, 2381
What are the prime factor